{"version":"1.0","provider_name":"ATM.LEGAL","provider_url":"https:\/\/atm.legal\/pl\/","author_name":"Artur Marcinkowski","author_url":"https:\/\/atm.legal\/pl\/author\/marcinkowskiatm-legal\/","title":"Tarcza Antykryzysowa 2.0. - Podstawowe za\u0142o\u017cenia","type":"rich","width":600,"height":338,"html":"<blockquote class=\"wp-embedded-content\" data-secret=\"DUH4nDxXt8\"><a href=\"https:\/\/atm.legal\/pl\/tarcza-antykryzysowa-2-0-podstawowe-zalozenia\/\">Tarcza Antykryzysowa 2.0. &#8211; Podstawowe za\u0142o\u017cenia<\/a><\/blockquote><iframe sandbox=\"allow-scripts\" security=\"restricted\" src=\"https:\/\/atm.legal\/pl\/tarcza-antykryzysowa-2-0-podstawowe-zalozenia\/embed\/#?secret=DUH4nDxXt8\" width=\"600\" height=\"338\" title=\"&#8222;Tarcza Antykryzysowa 2.0. &#8211; Podstawowe za\u0142o\u017cenia&#8221; &#8212; ATM.LEGAL\" data-secret=\"DUH4nDxXt8\" frameborder=\"0\" marginwidth=\"0\" marginheight=\"0\" scrolling=\"no\" class=\"wp-embedded-content\"><\/iframe><script>\n\/*! This file is auto-generated *\/\n!function(d,l){\"use strict\";l.querySelector&&d.addEventListener&&\"undefined\"!=typeof URL&&(d.wp=d.wp||{},d.wp.receiveEmbedMessage||(d.wp.receiveEmbedMessage=function(e){var t=e.data;if((t||t.secret||t.message||t.value)&&!\/[^a-zA-Z0-9]\/.test(t.secret)){for(var s,r,n,a=l.querySelectorAll('iframe[data-secret=\"'+t.secret+'\"]'),o=l.querySelectorAll('blockquote[data-secret=\"'+t.secret+'\"]'),c=new RegExp(\"^https?:$\",\"i\"),i=0;i<o.length;i++)o[i].style.display=\"none\";for(i=0;i<a.length;i++)s=a[i],e.source===s.contentWindow&&(s.removeAttribute(\"style\"),\"height\"===t.message?(1e3<(r=parseInt(t.value,10))?r=1e3:~~r<200&&(r=200),s.height=r):\"link\"===t.message&&(r=new URL(s.getAttribute(\"src\")),n=new URL(t.value),c.test(n.protocol))&&n.host===r.host&&l.activeElement===s&&(d.top.location.href=t.value))}},d.addEventListener(\"message\",d.wp.receiveEmbedMessage,!1),l.addEventListener(\"DOMContentLoaded\",function(){for(var e,t,s=l.querySelectorAll(\"iframe.wp-embedded-content\"),r=0;r<s.length;r++)(t=(e=s[r]).getAttribute(\"data-secret\"))||(t=Math.random().toString(36).substring(2,12),e.src+=\"#?secret=\"+t,e.setAttribute(\"data-secret\",t)),e.contentWindow.postMessage({message:\"ready\",secret:t},\"*\")},!1)))}(window,document);\n\/\/# sourceURL=https:\/\/atm.legal\/wp-includes\/js\/wp-embed.min.js\n<\/script>\n","thumbnail_url":"https:\/\/atm.legal\/wp-content\/uploads\/2020\/04\/mathieu-stern-1zO4O3Z0UJA-unsplash-1-2.webp","thumbnail_width":1019,"thumbnail_height":480,"description":"W dniu 18 kwietnia 2020 r. wesz\u0142a w \u017cycie ustawa o szczeg\u00f3lnych instrumentach wsparcia w zwi\u0105zku z rozprzestrzenianiem si\u0119 wirusa SARS-CoV-2, zwana potocznie tarcz\u0105 2.0., kt\u00f3ra rozszerza zakres wsparcia Pa\u0144stwa na rzecz polskich przedsi\u0119biorc\u00f3w w zwi\u0105zku z pandemi\u0105 koronawirusa. Co si\u0119 zmieni\u0142o? Tarcza 2.0 wprowadza dodatkowe zwolnienie z 50% nieop\u0142aconych sk\u0142adek ZUS na okres 3 [&hellip;]"}

Tarcza Antykryzysowa 2.0. - Podstawowe założenia

<blockquote class="wp-embedded-content" data-secret="DUH4nDxXt8"><a href="https://atm.legal/pl/tarcza-antykryzysowa-2-0-podstawowe-zalozenia/">Tarcza Antykryzysowa 2.0. &#8211; Podstawowe założenia</a></blockquote><iframe sandbox="allow-scripts" security="restricted" src="https://atm.legal/pl/tarcza-antykryzysowa-2-0-podstawowe-zalozenia/embed/#?secret=DUH4nDxXt8" width="600" height="338" title="&#8222;Tarcza Antykryzysowa 2.0. &#8211; Podstawowe założenia&#8221; &#8212; ATM.LEGAL" data-secret="DUH4nDxXt8" frameborder="0" marginwidth="0" marginheight="0" scrolling="no" class="wp-embedded-content"></iframe><script>
/*! This file is auto-generated */
!function(d,l){"use strict";l.querySelector&&d.addEventListener&&"undefined"!=typeof URL&&(d.wp=d.wp||{},d.wp.receiveEmbedMessage||(d.wp.receiveEmbedMessage=function(e){var t=e.data;if((t||t.secret||t.message||t.value)&&!/[^a-zA-Z0-9]/.test(t.secret)){for(var s,r,n,a=l.querySelectorAll('iframe[data-secret="'+t.secret+'"]'),o=l.querySelectorAll('blockquote[data-secret="'+t.secret+'"]'),c=new RegExp("^https?:$","i"),i=0;i<o.length;i++)o[i].style.display="none";for(i=0;i<a.length;i++)s=a[i],e.source===s.contentWindow&&(s.removeAttribute("style"),"height"===t.message?(1e3<(r=parseInt(t.value,10))?r=1e3:~~r<200&&(r=200),s.height=r):"link"===t.message&&(r=new URL(s.getAttribute("src")),n=new URL(t.value),c.test(n.protocol))&&n.host===r.host&&l.activeElement===s&&(d.top.location.href=t.value))}},d.addEventListener("message",d.wp.receiveEmbedMessage,!1),l.addEventListener("DOMContentLoaded",function(){for(var e,t,s=l.querySelectorAll("iframe.wp-embedded-content"),r=0;r<s.length;r++)(t=(e=s[r]).getAttribute("data-secret"))||(t=Math.random().toString(36).substring(2,12),e.src+="#?secret="+t,e.setAttribute("data-secret",t)),e.contentWindow.postMessage({message:"ready",secret:t},"*")},!1)))}(window,document);
//# sourceURL=https://atm.legal/wp-includes/js/wp-embed.min.js
</script>

W dniu 18 kwietnia 2020 r. weszła w życie ustawa o szczególnych instrumentach wsparcia w związku z rozprzestrzenianiem się wirusa SARS-CoV-2, zwana potocznie tarczą 2.0., która rozszerza zakres wsparcia Państwa na rzecz polskich przedsiębiorców w związku z pandemią koronawirusa. Co się zmieniło? Tarcza 2.0 wprowadza dodatkowe zwolnienie z 50% nieopłaconych składek ZUS na okres 3 [&hellip;]
