{"id":2651,"date":"2024-07-09T15:43:38","date_gmt":"2024-07-09T13:43:38","guid":{"rendered":"https:\/\/atm.legal\/?post_type=zespol&#038;p=2651"},"modified":"2024-09-10T15:45:46","modified_gmt":"2024-09-10T13:45:46","slug":"ida-pokora","status":"publish","type":"zespol","link":"https:\/\/atm.legal\/pl\/zespol\/ida-pokora\/","title":{"rendered":"Ida Pokora"},"content":{"rendered":"\n<p><a href=\"mailto:pokora@atm.legal\">pokora@atm.legal<\/a><\/p>\n\n\n\n<p>Obszary specjalizacji:&nbsp;<\/p>\n\n\n\n<ul class=\"wp-block-list\">\n<li>Prawo cywilne\u00a0<\/li>\n<\/ul>\n\n\n\n<ul class=\"wp-block-list\">\n<li>Kompleksowa obs\u0142uga przedsi\u0119biorc\u00f3w oraz klient\u00f3w indywidualnych\u00a0<\/li>\n<\/ul>\n\n\n\n<p>Ida posiada bogate do\u015bwiadczenie, kt\u00f3re pozwala jej skutecznie doradza\u0107 oraz rozwi\u0105zywa\u0107 problemy Klient\u00f3w. Jest utalentowanym procesowcem. Znakomicie radzi sobie w szermierce s\u0142ownej, na sali s\u0105dowej i nie tylko. Szybko diagnozuje problem i znajduje praktyczne rozwi\u0105zania.&nbsp;<\/p>\n\n\n\n<p>Ida Pokora uko\u0144czy\u0142a Prawo na Wydziale Prawa i Administracji na Uniwersytecie im. Adama Mickiewicza w Poznaniu. Jest radc\u0105 prawnym z 10-letnim do\u015bwiadczeniem zawodowym.&nbsp;<\/p>\n\n\n\n<p>W wolnym czasie uwielbia czyta\u0107 ksi\u0105\u017cki i spacerowa\u0107 po g\u00f3rskich szlakach.&nbsp;<\/p>\n\n\n\n<p>J\u0119zyki: polski&nbsp;<\/p>\n","protected":false},"excerpt":{"rendered":"<p>pokora@atm.legal Obszary specjalizacji:&nbsp; Ida posiada bogate do\u015bwiadczenie, kt\u00f3re pozwala jej skutecznie doradza\u0107 oraz rozwi\u0105zywa\u0107 problemy Klient\u00f3w. Jest utalentowanym procesowcem. Znakomicie radzi sobie w szermierce s\u0142ownej, na sali s\u0105dowej i nie tylko. Szybko diagnozuje problem i znajduje praktyczne rozwi\u0105zania.&nbsp; Ida Pokora uko\u0144czy\u0142a Prawo na Wydziale Prawa i Administracji na Uniwersytecie im. Adama Mickiewicza w Poznaniu. Jest [&hellip;]<\/p>\n","protected":false},"author":8,"featured_media":2652,"comment_status":"closed","ping_status":"closed","template":"","meta":{"_acf_changed":false,"om_disable_all_campaigns":false,"footnotes":""},"zespol-category":[59],"zespol-wyksztalcenie":[33],"class_list":["post-2651","zespol","type-zespol","status-publish","has-post-thumbnail","hentry","zespol-category-radca-prawny","zespol-wyksztalcenie-radca-prawny"],"acf":[],"yoast_head":"<!-- This site is optimized with the Yoast SEO plugin v25.5 - https:\/\/yoast.com\/wordpress\/plugins\/seo\/ -->\n<title>Ida Pokora - ATM.LEGAL<\/title>\n<meta name=\"robots\" content=\"index, follow, max-snippet:-1, max-image-preview:large, max-video-preview:-1\" \/>\n<link rel=\"canonical\" href=\"https:\/\/atm.legal\/pl\/zespol\/ida-pokora\/\" \/>\n<meta property=\"og:locale\" content=\"pl_PL\" \/>\n<meta property=\"og:type\" content=\"article\" \/>\n<meta property=\"og:title\" content=\"Ida Pokora - ATM.LEGAL\" \/>\n<meta property=\"og:description\" content=\"pokora@atm.legal Obszary specjalizacji:&nbsp; Ida posiada bogate do\u015bwiadczenie, kt\u00f3re pozwala jej skutecznie doradza\u0107 oraz rozwi\u0105zywa\u0107 problemy Klient\u00f3w. Jest utalentowanym procesowcem. Znakomicie radzi sobie w szermierce s\u0142ownej, na sali s\u0105dowej i nie tylko. Szybko diagnozuje problem i znajduje praktyczne rozwi\u0105zania.&nbsp; Ida Pokora uko\u0144czy\u0142a Prawo na Wydziale Prawa i Administracji na Uniwersytecie im. Adama Mickiewicza w Poznaniu. Jest [&hellip;]\" \/>\n<meta property=\"og:url\" content=\"https:\/\/atm.legal\/pl\/zespol\/ida-pokora\/\" \/>\n<meta property=\"og:site_name\" content=\"ATM.LEGAL\" \/>\n<meta property=\"article:modified_time\" content=\"2024-09-10T13:45:46+00:00\" \/>\n<meta property=\"og:image\" content=\"https:\/\/atm.legal\/wp-content\/uploads\/2024\/07\/ATM-PORTRETY-STYCZEN-20244119-scaled.jpeg\" \/>\n\t<meta property=\"og:image:width\" content=\"1707\" \/>\n\t<meta property=\"og:image:height\" content=\"2560\" \/>\n\t<meta property=\"og:image:type\" content=\"image\/jpeg\" \/>\n<meta name=\"twitter:card\" content=\"summary_large_image\" \/>\n<meta name=\"twitter:label1\" content=\"Szacowany czas czytania\" \/>\n\t<meta name=\"twitter:data1\" content=\"1 minuta\" \/>\n<script type=\"application\/ld+json\" class=\"yoast-schema-graph\">{\"@context\":\"https:\/\/schema.org\",\"@graph\":[{\"@type\":\"WebPage\",\"@id\":\"https:\/\/atm.legal\/pl\/zespol\/ida-pokora\/\",\"url\":\"https:\/\/atm.legal\/pl\/zespol\/ida-pokora\/\",\"name\":\"Ida Pokora - ATM.LEGAL\",\"isPartOf\":{\"@id\":\"https:\/\/atm.legal\/pl\/#website\"},\"primaryImageOfPage\":{\"@id\":\"https:\/\/atm.legal\/pl\/zespol\/ida-pokora\/#primaryimage\"},\"image\":{\"@id\":\"https:\/\/atm.legal\/pl\/zespol\/ida-pokora\/#primaryimage\"},\"thumbnailUrl\":\"https:\/\/atm.legal\/wp-content\/uploads\/2024\/07\/ATM-PORTRETY-STYCZEN-20244119-scaled.jpeg\",\"datePublished\":\"2024-07-09T13:43:38+00:00\",\"dateModified\":\"2024-09-10T13:45:46+00:00\",\"breadcrumb\":{\"@id\":\"https:\/\/atm.legal\/pl\/zespol\/ida-pokora\/#breadcrumb\"},\"inLanguage\":\"pl-PL\",\"potentialAction\":[{\"@type\":\"ReadAction\",\"target\":[\"https:\/\/atm.legal\/pl\/zespol\/ida-pokora\/\"]}]},{\"@type\":\"ImageObject\",\"inLanguage\":\"pl-PL\",\"@id\":\"https:\/\/atm.legal\/pl\/zespol\/ida-pokora\/#primaryimage\",\"url\":\"https:\/\/atm.legal\/wp-content\/uploads\/2024\/07\/ATM-PORTRETY-STYCZEN-20244119-scaled.jpeg\",\"contentUrl\":\"https:\/\/atm.legal\/wp-content\/uploads\/2024\/07\/ATM-PORTRETY-STYCZEN-20244119-scaled.jpeg\",\"width\":1707,\"height\":2560,\"caption\":\"Radczyni prawna Ida Pokora\"},{\"@type\":\"BreadcrumbList\",\"@id\":\"https:\/\/atm.legal\/pl\/zespol\/ida-pokora\/#breadcrumb\",\"itemListElement\":[{\"@type\":\"ListItem\",\"position\":1,\"name\":\"Home\",\"item\":\"https:\/\/atm.legal\/pl\/\"},{\"@type\":\"ListItem\",\"position\":2,\"name\":\"Ida Pokora\"}]},{\"@type\":\"WebSite\",\"@id\":\"https:\/\/atm.legal\/pl\/#website\",\"url\":\"https:\/\/atm.legal\/pl\/\",\"name\":\"ATM.LEGAL\",\"description\":\"\",\"publisher\":{\"@id\":\"https:\/\/atm.legal\/pl\/#organization\"},\"potentialAction\":[{\"@type\":\"SearchAction\",\"target\":{\"@type\":\"EntryPoint\",\"urlTemplate\":\"https:\/\/atm.legal\/pl\/?s={search_term_string}\"},\"query-input\":{\"@type\":\"PropertyValueSpecification\",\"valueRequired\":true,\"valueName\":\"search_term_string\"}}],\"inLanguage\":\"pl-PL\"},{\"@type\":\"Organization\",\"@id\":\"https:\/\/atm.legal\/pl\/#organization\",\"name\":\"ATM.LEGAL\",\"url\":\"https:\/\/atm.legal\/pl\/\",\"logo\":{\"@type\":\"ImageObject\",\"inLanguage\":\"pl-PL\",\"@id\":\"https:\/\/atm.legal\/pl\/#\/schema\/logo\/image\/\",\"url\":\"https:\/\/atm.legal\/wp-content\/uploads\/2022\/10\/cropped-atm-favicon-lg.png\",\"contentUrl\":\"https:\/\/atm.legal\/wp-content\/uploads\/2022\/10\/cropped-atm-favicon-lg.png\",\"width\":512,\"height\":512,\"caption\":\"ATM.LEGAL\"},\"image\":{\"@id\":\"https:\/\/atm.legal\/pl\/#\/schema\/logo\/image\/\"},\"sameAs\":[\"https:\/\/www.linkedin.com\/company\/atmlegal\/\",\"https:\/\/www.linkedin.com\/in\/artur-marcinkowski-atmlegal\/\"]}]}<\/script>\n<!-- \/ Yoast SEO plugin. -->","yoast_head_json":{"title":"Ida Pokora - ATM.LEGAL","robots":{"index":"index","follow":"follow","max-snippet":"max-snippet:-1","max-image-preview":"max-image-preview:large","max-video-preview":"max-video-preview:-1"},"canonical":"https:\/\/atm.legal\/pl\/zespol\/ida-pokora\/","og_locale":"pl_PL","og_type":"article","og_title":"Ida Pokora - ATM.LEGAL","og_description":"pokora@atm.legal Obszary specjalizacji:&nbsp; Ida posiada bogate do\u015bwiadczenie, kt\u00f3re pozwala jej skutecznie doradza\u0107 oraz rozwi\u0105zywa\u0107 problemy Klient\u00f3w. Jest utalentowanym procesowcem. Znakomicie radzi sobie w szermierce s\u0142ownej, na sali s\u0105dowej i nie tylko. Szybko diagnozuje problem i znajduje praktyczne rozwi\u0105zania.&nbsp; Ida Pokora uko\u0144czy\u0142a Prawo na Wydziale Prawa i Administracji na Uniwersytecie im. Adama Mickiewicza w Poznaniu. Jest [&hellip;]","og_url":"https:\/\/atm.legal\/pl\/zespol\/ida-pokora\/","og_site_name":"ATM.LEGAL","article_modified_time":"2024-09-10T13:45:46+00:00","og_image":[{"width":1707,"height":2560,"url":"https:\/\/atm.legal\/wp-content\/uploads\/2024\/07\/ATM-PORTRETY-STYCZEN-20244119-scaled.jpeg","type":"image\/jpeg"}],"twitter_card":"summary_large_image","twitter_misc":{"Szacowany czas czytania":"1 minuta"},"schema":{"@context":"https:\/\/schema.org","@graph":[{"@type":"WebPage","@id":"https:\/\/atm.legal\/pl\/zespol\/ida-pokora\/","url":"https:\/\/atm.legal\/pl\/zespol\/ida-pokora\/","name":"Ida Pokora - ATM.LEGAL","isPartOf":{"@id":"https:\/\/atm.legal\/pl\/#website"},"primaryImageOfPage":{"@id":"https:\/\/atm.legal\/pl\/zespol\/ida-pokora\/#primaryimage"},"image":{"@id":"https:\/\/atm.legal\/pl\/zespol\/ida-pokora\/#primaryimage"},"thumbnailUrl":"https:\/\/atm.legal\/wp-content\/uploads\/2024\/07\/ATM-PORTRETY-STYCZEN-20244119-scaled.jpeg","datePublished":"2024-07-09T13:43:38+00:00","dateModified":"2024-09-10T13:45:46+00:00","breadcrumb":{"@id":"https:\/\/atm.legal\/pl\/zespol\/ida-pokora\/#breadcrumb"},"inLanguage":"pl-PL","potentialAction":[{"@type":"ReadAction","target":["https:\/\/atm.legal\/pl\/zespol\/ida-pokora\/"]}]},{"@type":"ImageObject","inLanguage":"pl-PL","@id":"https:\/\/atm.legal\/pl\/zespol\/ida-pokora\/#primaryimage","url":"https:\/\/atm.legal\/wp-content\/uploads\/2024\/07\/ATM-PORTRETY-STYCZEN-20244119-scaled.jpeg","contentUrl":"https:\/\/atm.legal\/wp-content\/uploads\/2024\/07\/ATM-PORTRETY-STYCZEN-20244119-scaled.jpeg","width":1707,"height":2560,"caption":"Radczyni prawna Ida Pokora"},{"@type":"BreadcrumbList","@id":"https:\/\/atm.legal\/pl\/zespol\/ida-pokora\/#breadcrumb","itemListElement":[{"@type":"ListItem","position":1,"name":"Home","item":"https:\/\/atm.legal\/pl\/"},{"@type":"ListItem","position":2,"name":"Ida Pokora"}]},{"@type":"WebSite","@id":"https:\/\/atm.legal\/pl\/#website","url":"https:\/\/atm.legal\/pl\/","name":"ATM.LEGAL","description":"","publisher":{"@id":"https:\/\/atm.legal\/pl\/#organization"},"potentialAction":[{"@type":"SearchAction","target":{"@type":"EntryPoint","urlTemplate":"https:\/\/atm.legal\/pl\/?s={search_term_string}"},"query-input":{"@type":"PropertyValueSpecification","valueRequired":true,"valueName":"search_term_string"}}],"inLanguage":"pl-PL"},{"@type":"Organization","@id":"https:\/\/atm.legal\/pl\/#organization","name":"ATM.LEGAL","url":"https:\/\/atm.legal\/pl\/","logo":{"@type":"ImageObject","inLanguage":"pl-PL","@id":"https:\/\/atm.legal\/pl\/#\/schema\/logo\/image\/","url":"https:\/\/atm.legal\/wp-content\/uploads\/2022\/10\/cropped-atm-favicon-lg.png","contentUrl":"https:\/\/atm.legal\/wp-content\/uploads\/2022\/10\/cropped-atm-favicon-lg.png","width":512,"height":512,"caption":"ATM.LEGAL"},"image":{"@id":"https:\/\/atm.legal\/pl\/#\/schema\/logo\/image\/"},"sameAs":["https:\/\/www.linkedin.com\/company\/atmlegal\/","https:\/\/www.linkedin.com\/in\/artur-marcinkowski-atmlegal\/"]}]}},"_links":{"self":[{"href":"https:\/\/atm.legal\/pl\/wp-json\/wp\/v2\/zespol\/2651","targetHints":{"allow":["GET"]}}],"collection":[{"href":"https:\/\/atm.legal\/pl\/wp-json\/wp\/v2\/zespol"}],"about":[{"href":"https:\/\/atm.legal\/pl\/wp-json\/wp\/v2\/types\/zespol"}],"author":[{"embeddable":true,"href":"https:\/\/atm.legal\/pl\/wp-json\/wp\/v2\/users\/8"}],"replies":[{"embeddable":true,"href":"https:\/\/atm.legal\/pl\/wp-json\/wp\/v2\/comments?post=2651"}],"version-history":[{"count":3,"href":"https:\/\/atm.legal\/pl\/wp-json\/wp\/v2\/zespol\/2651\/revisions"}],"predecessor-version":[{"id":2728,"href":"https:\/\/atm.legal\/pl\/wp-json\/wp\/v2\/zespol\/2651\/revisions\/2728"}],"wp:featuredmedia":[{"embeddable":true,"href":"https:\/\/atm.legal\/pl\/wp-json\/wp\/v2\/media\/2652"}],"wp:attachment":[{"href":"https:\/\/atm.legal\/pl\/wp-json\/wp\/v2\/media?parent=2651"}],"wp:term":[{"taxonomy":"zespol-category","embeddable":true,"href":"https:\/\/atm.legal\/pl\/wp-json\/wp\/v2\/zespol-category?post=2651"},{"taxonomy":"zespol-wyksztalcenie","embeddable":true,"href":"https:\/\/atm.legal\/pl\/wp-json\/wp\/v2\/zespol-wyksztalcenie?post=2651"}],"curies":[{"name":"wp","href":"https:\/\/api.w.org\/{rel}","templated":true}]}}

<p><a href="mailto:pokora@atm.legal">pokora@atm.legal</a></p>



<p>Obszary specjalizacji:&nbsp;</p>



<ul class="wp-block-list">
<li>Prawo cywilne </li>
</ul>



<ul class="wp-block-list">
<li>Kompleksowa obsługa przedsiębiorców oraz klientów indywidualnych </li>
</ul>



<p>Ida posiada bogate doświadczenie, które pozwala jej skutecznie doradzać oraz rozwiązywać problemy Klientów. Jest utalentowanym procesowcem. Znakomicie radzi sobie w szermierce słownej, na sali sądowej i nie tylko. Szybko diagnozuje problem i znajduje praktyczne rozwiązania.&nbsp;</p>



<p>Ida Pokora ukończyła Prawo na Wydziale Prawa i Administracji na Uniwersytecie im. Adama Mickiewicza w Poznaniu. Jest radcą prawnym z 10-letnim doświadczeniem zawodowym.&nbsp;</p>



<p>W wolnym czasie uwielbia czytać książki i spacerować po górskich szlakach.&nbsp;</p>



<p>Języki: polski&nbsp;</p>

<p>pokora@atm.legal Obszary specjalizacji:&nbsp; Ida posiada bogate doświadczenie, które pozwala jej skutecznie doradzać oraz rozwiązywać problemy Klientów. Jest utalentowanym procesowcem. Znakomicie radzi sobie w szermierce słownej, na sali sądowej i nie tylko. Szybko diagnozuje problem i znajduje praktyczne rozwiązania.&nbsp; Ida Pokora ukończyła Prawo na Wydziale Prawa i Administracji na Uniwersytecie im. Adama Mickiewicza w Poznaniu. Jest [&hellip;]</p>

<!-- This site is optimized with the Yoast SEO plugin v25.5 - https://yoast.com/wordpress/plugins/seo/ -->
<title>Ida Pokora - ATM.LEGAL</title>
<meta name="robots" content="index, follow, max-snippet:-1, max-image-preview:large, max-video-preview:-1" />
<link rel="canonical" href="https://atm.legal/pl/zespol/ida-pokora/" />
<meta property="og:locale" content="pl_PL" />
<meta property="og:type" content="article" />
<meta property="og:title" content="Ida Pokora - ATM.LEGAL" />
<meta property="og:description" content="pokora@atm.legal Obszary specjalizacji:&nbsp; Ida posiada bogate doświadczenie, które pozwala jej skutecznie doradzać oraz rozwiązywać problemy Klientów. Jest utalentowanym procesowcem. Znakomicie radzi sobie w szermierce słownej, na sali sądowej i nie tylko. Szybko diagnozuje problem i znajduje praktyczne rozwiązania.&nbsp; Ida Pokora ukończyła Prawo na Wydziale Prawa i Administracji na Uniwersytecie im. Adama Mickiewicza w Poznaniu. Jest [&hellip;]" />
<meta property="og:url" content="https://atm.legal/pl/zespol/ida-pokora/" />
<meta property="og:site_name" content="ATM.LEGAL" />
<meta property="article:modified_time" content="2024-09-10T13:45:46+00:00" />
<meta property="og:image" content="https://atm.legal/wp-content/uploads/2024/07/ATM-PORTRETY-STYCZEN-20244119-scaled.jpeg" />
	<meta property="og:image:width" content="1707" />
	<meta property="og:image:height" content="2560" />
	<meta property="og:image:type" content="image/jpeg" />
<meta name="twitter:card" content="summary_large_image" />
<meta name="twitter:label1" content="Szacowany czas czytania" />
	<meta name="twitter:data1" content="1 minuta" />
<script type="application/ld+json" class="yoast-schema-graph">{"@context":"https://schema.org","@graph":[{"@type":"WebPage","@id":"https://atm.legal/pl/zespol/ida-pokora/","url":"https://atm.legal/pl/zespol/ida-pokora/","name":"Ida Pokora - ATM.LEGAL","isPartOf":{"@id":"https://atm.legal/pl/#website"},"primaryImageOfPage":{"@id":"https://atm.legal/pl/zespol/ida-pokora/#primaryimage"},"image":{"@id":"https://atm.legal/pl/zespol/ida-pokora/#primaryimage"},"thumbnailUrl":"https://atm.legal/wp-content/uploads/2024/07/ATM-PORTRETY-STYCZEN-20244119-scaled.jpeg","datePublished":"2024-07-09T13:43:38+00:00","dateModified":"2024-09-10T13:45:46+00:00","breadcrumb":{"@id":"https://atm.legal/pl/zespol/ida-pokora/#breadcrumb"},"inLanguage":"pl-PL","potentialAction":[{"@type":"ReadAction","target":["https://atm.legal/pl/zespol/ida-pokora/"]}]},{"@type":"ImageObject","inLanguage":"pl-PL","@id":"https://atm.legal/pl/zespol/ida-pokora/#primaryimage","url":"https://atm.legal/wp-content/uploads/2024/07/ATM-PORTRETY-STYCZEN-20244119-scaled.jpeg","contentUrl":"https://atm.legal/wp-content/uploads/2024/07/ATM-PORTRETY-STYCZEN-20244119-scaled.jpeg","width":1707,"height":2560,"caption":"Radczyni prawna Ida Pokora"},{"@type":"BreadcrumbList","@id":"https://atm.legal/pl/zespol/ida-pokora/#breadcrumb","itemListElement":[{"@type":"ListItem","position":1,"name":"Home","item":"https://atm.legal/pl/"},{"@type":"ListItem","position":2,"name":"Ida Pokora"}]},{"@type":"WebSite","@id":"https://atm.legal/pl/#website","url":"https://atm.legal/pl/","name":"ATM.LEGAL","description":"","publisher":{"@id":"https://atm.legal/pl/#organization"},"potentialAction":[{"@type":"SearchAction","target":{"@type":"EntryPoint","urlTemplate":"https://atm.legal/pl/?s={search_term_string}"},"query-input":{"@type":"PropertyValueSpecification","valueRequired":true,"valueName":"search_term_string"}}],"inLanguage":"pl-PL"},{"@type":"Organization","@id":"https://atm.legal/pl/#organization","name":"ATM.LEGAL","url":"https://atm.legal/pl/","logo":{"@type":"ImageObject","inLanguage":"pl-PL","@id":"https://atm.legal/pl/#/schema/logo/image/","url":"https://atm.legal/wp-content/uploads/2022/10/cropped-atm-favicon-lg.png","contentUrl":"https://atm.legal/wp-content/uploads/2022/10/cropped-atm-favicon-lg.png","width":512,"height":512,"caption":"ATM.LEGAL"},"image":{"@id":"https://atm.legal/pl/#/schema/logo/image/"},"sameAs":["https://www.linkedin.com/company/atmlegal/","https://www.linkedin.com/in/artur-marcinkowski-atmlegal/"]}]}</script>
<!-- / Yoast SEO plugin. -->

pokora@atm.legal Obszary specjalizacji:&nbsp; Ida posiada bogate doświadczenie, które pozwala jej skutecznie doradzać oraz rozwiązywać problemy Klientów. Jest utalentowanym procesowcem. Znakomicie radzi sobie w szermierce słownej, na sali sądowej i nie tylko. Szybko diagnozuje problem i znajduje praktyczne rozwiązania.&nbsp; Ida Pokora ukończyła Prawo na Wydziale Prawa i Administracji na Uniwersytecie im. Adama Mickiewicza w Poznaniu. Jest [&hellip;]
