{"id":2657,"date":"2024-07-09T16:03:40","date_gmt":"2024-07-09T14:03:40","guid":{"rendered":"https:\/\/atm.legal\/?post_type=zespol&#038;p=2657"},"modified":"2024-09-10T15:47:29","modified_gmt":"2024-09-10T13:47:29","slug":"marcin-pyrzyk","status":"publish","type":"zespol","link":"https:\/\/atm.legal\/pl\/zespol\/marcin-pyrzyk\/","title":{"rendered":"Marcin Pyrzyk"},"content":{"rendered":"\n<p><a href=\"mailto:pyrzyk@atm.legal\">pyrzyk@atm.legal<\/a><\/p>\n\n\n\n<p>Obszary specjalizacji:&nbsp;<\/p>\n\n\n\n<ul class=\"wp-block-list\">\n<li>Prawo cywilne\u00a0<\/li>\n<\/ul>\n\n\n\n<ul class=\"wp-block-list\">\n<li>Prawo rodzinne\u00a0<\/li>\n<\/ul>\n\n\n\n<ul class=\"wp-block-list\">\n<li>Prawo gospodarcze\u00a0<\/li>\n<\/ul>\n\n\n\n<ul class=\"wp-block-list\">\n<li>Mediacje s\u0105dowe\u00a0<\/li>\n<\/ul>\n\n\n\n<ul class=\"wp-block-list\">\n<li>Mediacje pozas\u0105dowe w sprawach cywilnych\u00a0<\/li>\n<\/ul>\n\n\n\n<p>Marcin jest wyj\u0105tkowo wszechstronnym i utalentowanym prawnikiem. Do\u015bwiadczenie zawodowe zdobywa\u0142 w S\u0105dzie Okr\u0119gowym w Poznaniu, pe\u0142ni\u0105c funkcj\u0119 asystenta s\u0119dziego w Wydziale Cywilnym \u2013 Odwo\u0142awczym, a tak\u017ce Wydziale Cywilnym I instancji oraz Wydziale Penitencjarnym i Nadzoru nad Wykonywaniem Orzecze\u0144 Karnych.&nbsp;&nbsp;<\/p>\n\n\n\n<p>Uko\u0144czy\u0142 studia prawnicze na Wydziale Prawa i Administracji Uniwersytetu im. Miko\u0142aja Kopernika w Toruniu oraz odbywa\u0142 aplikacj\u0119 radcowsk\u0105 przy Okr\u0119gowej Izbie Radc\u00f3w Prawnych w Poznaniu uzyskuj\u0105c w 2023 r. tytu\u0142 radcy prawnego.&nbsp;<\/p>\n\n\n\n<p>W wolnym czasie uprawia sztuki walki i spaceruje po g\u00f3rach.&nbsp;<\/p>\n\n\n\n<p>J\u0119zyki: angielski, polski.&nbsp;<\/p>\n","protected":false},"excerpt":{"rendered":"<p>pyrzyk@atm.legal Obszary specjalizacji:&nbsp; Marcin jest wyj\u0105tkowo wszechstronnym i utalentowanym prawnikiem. Do\u015bwiadczenie zawodowe zdobywa\u0142 w S\u0105dzie Okr\u0119gowym w Poznaniu, pe\u0142ni\u0105c funkcj\u0119 asystenta s\u0119dziego w Wydziale Cywilnym \u2013 Odwo\u0142awczym, a tak\u017ce Wydziale Cywilnym I instancji oraz Wydziale Penitencjarnym i Nadzoru nad Wykonywaniem Orzecze\u0144 Karnych.&nbsp;&nbsp; Uko\u0144czy\u0142 studia prawnicze na Wydziale Prawa i Administracji Uniwersytetu im. Miko\u0142aja Kopernika w [&hellip;]<\/p>\n","protected":false},"author":8,"featured_media":2658,"comment_status":"closed","ping_status":"closed","template":"","meta":{"_acf_changed":false,"om_disable_all_campaigns":false,"footnotes":""},"zespol-category":[59],"zespol-wyksztalcenie":[33],"class_list":["post-2657","zespol","type-zespol","status-publish","has-post-thumbnail","hentry","zespol-category-radca-prawny","zespol-wyksztalcenie-radca-prawny"],"acf":[],"yoast_head":"<!-- This site is optimized with the Yoast SEO plugin v25.5 - https:\/\/yoast.com\/wordpress\/plugins\/seo\/ -->\n<title>Marcin Pyrzyk - ATM.LEGAL<\/title>\n<meta name=\"robots\" content=\"index, follow, max-snippet:-1, max-image-preview:large, max-video-preview:-1\" \/>\n<link rel=\"canonical\" href=\"https:\/\/atm.legal\/pl\/zespol\/marcin-pyrzyk\/\" \/>\n<meta property=\"og:locale\" content=\"pl_PL\" \/>\n<meta property=\"og:type\" content=\"article\" \/>\n<meta property=\"og:title\" content=\"Marcin Pyrzyk - ATM.LEGAL\" \/>\n<meta property=\"og:description\" content=\"pyrzyk@atm.legal Obszary specjalizacji:&nbsp; Marcin jest wyj\u0105tkowo wszechstronnym i utalentowanym prawnikiem. Do\u015bwiadczenie zawodowe zdobywa\u0142 w S\u0105dzie Okr\u0119gowym w Poznaniu, pe\u0142ni\u0105c funkcj\u0119 asystenta s\u0119dziego w Wydziale Cywilnym \u2013 Odwo\u0142awczym, a tak\u017ce Wydziale Cywilnym I instancji oraz Wydziale Penitencjarnym i Nadzoru nad Wykonywaniem Orzecze\u0144 Karnych.&nbsp;&nbsp; Uko\u0144czy\u0142 studia prawnicze na Wydziale Prawa i Administracji Uniwersytetu im. Miko\u0142aja Kopernika w [&hellip;]\" \/>\n<meta property=\"og:url\" content=\"https:\/\/atm.legal\/pl\/zespol\/marcin-pyrzyk\/\" \/>\n<meta property=\"og:site_name\" content=\"ATM.LEGAL\" \/>\n<meta property=\"article:modified_time\" content=\"2024-09-10T13:47:29+00:00\" \/>\n<meta property=\"og:image\" content=\"https:\/\/atm.legal\/wp-content\/uploads\/2024\/07\/ATM-PORTRETY-STYCZEN-20241232-scaled.jpeg\" \/>\n\t<meta property=\"og:image:width\" content=\"1707\" \/>\n\t<meta property=\"og:image:height\" content=\"2560\" \/>\n\t<meta property=\"og:image:type\" content=\"image\/jpeg\" \/>\n<meta name=\"twitter:card\" content=\"summary_large_image\" \/>\n<meta name=\"twitter:label1\" content=\"Szacowany czas czytania\" \/>\n\t<meta name=\"twitter:data1\" content=\"1 minuta\" \/>\n<script type=\"application\/ld+json\" class=\"yoast-schema-graph\">{\"@context\":\"https:\/\/schema.org\",\"@graph\":[{\"@type\":\"WebPage\",\"@id\":\"https:\/\/atm.legal\/pl\/zespol\/marcin-pyrzyk\/\",\"url\":\"https:\/\/atm.legal\/pl\/zespol\/marcin-pyrzyk\/\",\"name\":\"Marcin Pyrzyk - ATM.LEGAL\",\"isPartOf\":{\"@id\":\"https:\/\/atm.legal\/pl\/#website\"},\"primaryImageOfPage\":{\"@id\":\"https:\/\/atm.legal\/pl\/zespol\/marcin-pyrzyk\/#primaryimage\"},\"image\":{\"@id\":\"https:\/\/atm.legal\/pl\/zespol\/marcin-pyrzyk\/#primaryimage\"},\"thumbnailUrl\":\"https:\/\/atm.legal\/wp-content\/uploads\/2024\/07\/ATM-PORTRETY-STYCZEN-20241232-scaled.jpeg\",\"datePublished\":\"2024-07-09T14:03:40+00:00\",\"dateModified\":\"2024-09-10T13:47:29+00:00\",\"breadcrumb\":{\"@id\":\"https:\/\/atm.legal\/pl\/zespol\/marcin-pyrzyk\/#breadcrumb\"},\"inLanguage\":\"pl-PL\",\"potentialAction\":[{\"@type\":\"ReadAction\",\"target\":[\"https:\/\/atm.legal\/pl\/zespol\/marcin-pyrzyk\/\"]}]},{\"@type\":\"ImageObject\",\"inLanguage\":\"pl-PL\",\"@id\":\"https:\/\/atm.legal\/pl\/zespol\/marcin-pyrzyk\/#primaryimage\",\"url\":\"https:\/\/atm.legal\/wp-content\/uploads\/2024\/07\/ATM-PORTRETY-STYCZEN-20241232-scaled.jpeg\",\"contentUrl\":\"https:\/\/atm.legal\/wp-content\/uploads\/2024\/07\/ATM-PORTRETY-STYCZEN-20241232-scaled.jpeg\",\"width\":1707,\"height\":2560,\"caption\":\"Radca prawny Marcin Pyrzyk\"},{\"@type\":\"BreadcrumbList\",\"@id\":\"https:\/\/atm.legal\/pl\/zespol\/marcin-pyrzyk\/#breadcrumb\",\"itemListElement\":[{\"@type\":\"ListItem\",\"position\":1,\"name\":\"Home\",\"item\":\"https:\/\/atm.legal\/pl\/\"},{\"@type\":\"ListItem\",\"position\":2,\"name\":\"Marcin Pyrzyk\"}]},{\"@type\":\"WebSite\",\"@id\":\"https:\/\/atm.legal\/pl\/#website\",\"url\":\"https:\/\/atm.legal\/pl\/\",\"name\":\"ATM.LEGAL\",\"description\":\"\",\"publisher\":{\"@id\":\"https:\/\/atm.legal\/pl\/#organization\"},\"potentialAction\":[{\"@type\":\"SearchAction\",\"target\":{\"@type\":\"EntryPoint\",\"urlTemplate\":\"https:\/\/atm.legal\/pl\/?s={search_term_string}\"},\"query-input\":{\"@type\":\"PropertyValueSpecification\",\"valueRequired\":true,\"valueName\":\"search_term_string\"}}],\"inLanguage\":\"pl-PL\"},{\"@type\":\"Organization\",\"@id\":\"https:\/\/atm.legal\/pl\/#organization\",\"name\":\"ATM.LEGAL\",\"url\":\"https:\/\/atm.legal\/pl\/\",\"logo\":{\"@type\":\"ImageObject\",\"inLanguage\":\"pl-PL\",\"@id\":\"https:\/\/atm.legal\/pl\/#\/schema\/logo\/image\/\",\"url\":\"https:\/\/atm.legal\/wp-content\/uploads\/2022\/10\/cropped-atm-favicon-lg.png\",\"contentUrl\":\"https:\/\/atm.legal\/wp-content\/uploads\/2022\/10\/cropped-atm-favicon-lg.png\",\"width\":512,\"height\":512,\"caption\":\"ATM.LEGAL\"},\"image\":{\"@id\":\"https:\/\/atm.legal\/pl\/#\/schema\/logo\/image\/\"},\"sameAs\":[\"https:\/\/www.linkedin.com\/company\/atmlegal\/\",\"https:\/\/www.linkedin.com\/in\/artur-marcinkowski-atmlegal\/\"]}]}<\/script>\n<!-- \/ Yoast SEO plugin. -->","yoast_head_json":{"title":"Marcin Pyrzyk - ATM.LEGAL","robots":{"index":"index","follow":"follow","max-snippet":"max-snippet:-1","max-image-preview":"max-image-preview:large","max-video-preview":"max-video-preview:-1"},"canonical":"https:\/\/atm.legal\/pl\/zespol\/marcin-pyrzyk\/","og_locale":"pl_PL","og_type":"article","og_title":"Marcin Pyrzyk - ATM.LEGAL","og_description":"pyrzyk@atm.legal Obszary specjalizacji:&nbsp; Marcin jest wyj\u0105tkowo wszechstronnym i utalentowanym prawnikiem. Do\u015bwiadczenie zawodowe zdobywa\u0142 w S\u0105dzie Okr\u0119gowym w Poznaniu, pe\u0142ni\u0105c funkcj\u0119 asystenta s\u0119dziego w Wydziale Cywilnym \u2013 Odwo\u0142awczym, a tak\u017ce Wydziale Cywilnym I instancji oraz Wydziale Penitencjarnym i Nadzoru nad Wykonywaniem Orzecze\u0144 Karnych.&nbsp;&nbsp; Uko\u0144czy\u0142 studia prawnicze na Wydziale Prawa i Administracji Uniwersytetu im. Miko\u0142aja Kopernika w [&hellip;]","og_url":"https:\/\/atm.legal\/pl\/zespol\/marcin-pyrzyk\/","og_site_name":"ATM.LEGAL","article_modified_time":"2024-09-10T13:47:29+00:00","og_image":[{"width":1707,"height":2560,"url":"https:\/\/atm.legal\/wp-content\/uploads\/2024\/07\/ATM-PORTRETY-STYCZEN-20241232-scaled.jpeg","type":"image\/jpeg"}],"twitter_card":"summary_large_image","twitter_misc":{"Szacowany czas czytania":"1 minuta"},"schema":{"@context":"https:\/\/schema.org","@graph":[{"@type":"WebPage","@id":"https:\/\/atm.legal\/pl\/zespol\/marcin-pyrzyk\/","url":"https:\/\/atm.legal\/pl\/zespol\/marcin-pyrzyk\/","name":"Marcin Pyrzyk - ATM.LEGAL","isPartOf":{"@id":"https:\/\/atm.legal\/pl\/#website"},"primaryImageOfPage":{"@id":"https:\/\/atm.legal\/pl\/zespol\/marcin-pyrzyk\/#primaryimage"},"image":{"@id":"https:\/\/atm.legal\/pl\/zespol\/marcin-pyrzyk\/#primaryimage"},"thumbnailUrl":"https:\/\/atm.legal\/wp-content\/uploads\/2024\/07\/ATM-PORTRETY-STYCZEN-20241232-scaled.jpeg","datePublished":"2024-07-09T14:03:40+00:00","dateModified":"2024-09-10T13:47:29+00:00","breadcrumb":{"@id":"https:\/\/atm.legal\/pl\/zespol\/marcin-pyrzyk\/#breadcrumb"},"inLanguage":"pl-PL","potentialAction":[{"@type":"ReadAction","target":["https:\/\/atm.legal\/pl\/zespol\/marcin-pyrzyk\/"]}]},{"@type":"ImageObject","inLanguage":"pl-PL","@id":"https:\/\/atm.legal\/pl\/zespol\/marcin-pyrzyk\/#primaryimage","url":"https:\/\/atm.legal\/wp-content\/uploads\/2024\/07\/ATM-PORTRETY-STYCZEN-20241232-scaled.jpeg","contentUrl":"https:\/\/atm.legal\/wp-content\/uploads\/2024\/07\/ATM-PORTRETY-STYCZEN-20241232-scaled.jpeg","width":1707,"height":2560,"caption":"Radca prawny Marcin Pyrzyk"},{"@type":"BreadcrumbList","@id":"https:\/\/atm.legal\/pl\/zespol\/marcin-pyrzyk\/#breadcrumb","itemListElement":[{"@type":"ListItem","position":1,"name":"Home","item":"https:\/\/atm.legal\/pl\/"},{"@type":"ListItem","position":2,"name":"Marcin Pyrzyk"}]},{"@type":"WebSite","@id":"https:\/\/atm.legal\/pl\/#website","url":"https:\/\/atm.legal\/pl\/","name":"ATM.LEGAL","description":"","publisher":{"@id":"https:\/\/atm.legal\/pl\/#organization"},"potentialAction":[{"@type":"SearchAction","target":{"@type":"EntryPoint","urlTemplate":"https:\/\/atm.legal\/pl\/?s={search_term_string}"},"query-input":{"@type":"PropertyValueSpecification","valueRequired":true,"valueName":"search_term_string"}}],"inLanguage":"pl-PL"},{"@type":"Organization","@id":"https:\/\/atm.legal\/pl\/#organization","name":"ATM.LEGAL","url":"https:\/\/atm.legal\/pl\/","logo":{"@type":"ImageObject","inLanguage":"pl-PL","@id":"https:\/\/atm.legal\/pl\/#\/schema\/logo\/image\/","url":"https:\/\/atm.legal\/wp-content\/uploads\/2022\/10\/cropped-atm-favicon-lg.png","contentUrl":"https:\/\/atm.legal\/wp-content\/uploads\/2022\/10\/cropped-atm-favicon-lg.png","width":512,"height":512,"caption":"ATM.LEGAL"},"image":{"@id":"https:\/\/atm.legal\/pl\/#\/schema\/logo\/image\/"},"sameAs":["https:\/\/www.linkedin.com\/company\/atmlegal\/","https:\/\/www.linkedin.com\/in\/artur-marcinkowski-atmlegal\/"]}]}},"_links":{"self":[{"href":"https:\/\/atm.legal\/pl\/wp-json\/wp\/v2\/zespol\/2657","targetHints":{"allow":["GET"]}}],"collection":[{"href":"https:\/\/atm.legal\/pl\/wp-json\/wp\/v2\/zespol"}],"about":[{"href":"https:\/\/atm.legal\/pl\/wp-json\/wp\/v2\/types\/zespol"}],"author":[{"embeddable":true,"href":"https:\/\/atm.legal\/pl\/wp-json\/wp\/v2\/users\/8"}],"replies":[{"embeddable":true,"href":"https:\/\/atm.legal\/pl\/wp-json\/wp\/v2\/comments?post=2657"}],"version-history":[{"count":5,"href":"https:\/\/atm.legal\/pl\/wp-json\/wp\/v2\/zespol\/2657\/revisions"}],"predecessor-version":[{"id":2729,"href":"https:\/\/atm.legal\/pl\/wp-json\/wp\/v2\/zespol\/2657\/revisions\/2729"}],"wp:featuredmedia":[{"embeddable":true,"href":"https:\/\/atm.legal\/pl\/wp-json\/wp\/v2\/media\/2658"}],"wp:attachment":[{"href":"https:\/\/atm.legal\/pl\/wp-json\/wp\/v2\/media?parent=2657"}],"wp:term":[{"taxonomy":"zespol-category","embeddable":true,"href":"https:\/\/atm.legal\/pl\/wp-json\/wp\/v2\/zespol-category?post=2657"},{"taxonomy":"zespol-wyksztalcenie","embeddable":true,"href":"https:\/\/atm.legal\/pl\/wp-json\/wp\/v2\/zespol-wyksztalcenie?post=2657"}],"curies":[{"name":"wp","href":"https:\/\/api.w.org\/{rel}","templated":true}]}}

<p><a href="mailto:pyrzyk@atm.legal">pyrzyk@atm.legal</a></p>



<p>Obszary specjalizacji:&nbsp;</p>



<ul class="wp-block-list">
<li>Prawo cywilne </li>
</ul>



<ul class="wp-block-list">
<li>Prawo rodzinne </li>
</ul>



<ul class="wp-block-list">
<li>Prawo gospodarcze </li>
</ul>



<ul class="wp-block-list">
<li>Mediacje sądowe </li>
</ul>



<ul class="wp-block-list">
<li>Mediacje pozasądowe w sprawach cywilnych </li>
</ul>



<p>Marcin jest wyjątkowo wszechstronnym i utalentowanym prawnikiem. Doświadczenie zawodowe zdobywał w Sądzie Okręgowym w Poznaniu, pełniąc funkcję asystenta sędziego w Wydziale Cywilnym – Odwoławczym, a także Wydziale Cywilnym I instancji oraz Wydziale Penitencjarnym i Nadzoru nad Wykonywaniem Orzeczeń Karnych.&nbsp;&nbsp;</p>



<p>Ukończył studia prawnicze na Wydziale Prawa i Administracji Uniwersytetu im. Mikołaja Kopernika w Toruniu oraz odbywał aplikację radcowską przy Okręgowej Izbie Radców Prawnych w Poznaniu uzyskując w 2023 r. tytuł radcy prawnego.&nbsp;</p>



<p>W wolnym czasie uprawia sztuki walki i spaceruje po górach.&nbsp;</p>



<p>Języki: angielski, polski.&nbsp;</p>

<p>pyrzyk@atm.legal Obszary specjalizacji:&nbsp; Marcin jest wyjątkowo wszechstronnym i utalentowanym prawnikiem. Doświadczenie zawodowe zdobywał w Sądzie Okręgowym w Poznaniu, pełniąc funkcję asystenta sędziego w Wydziale Cywilnym – Odwoławczym, a także Wydziale Cywilnym I instancji oraz Wydziale Penitencjarnym i Nadzoru nad Wykonywaniem Orzeczeń Karnych.&nbsp;&nbsp; Ukończył studia prawnicze na Wydziale Prawa i Administracji Uniwersytetu im. Mikołaja Kopernika w [&hellip;]</p>

<!-- This site is optimized with the Yoast SEO plugin v25.5 - https://yoast.com/wordpress/plugins/seo/ -->
<title>Marcin Pyrzyk - ATM.LEGAL</title>
<meta name="robots" content="index, follow, max-snippet:-1, max-image-preview:large, max-video-preview:-1" />
<link rel="canonical" href="https://atm.legal/pl/zespol/marcin-pyrzyk/" />
<meta property="og:locale" content="pl_PL" />
<meta property="og:type" content="article" />
<meta property="og:title" content="Marcin Pyrzyk - ATM.LEGAL" />
<meta property="og:description" content="pyrzyk@atm.legal Obszary specjalizacji:&nbsp; Marcin jest wyjątkowo wszechstronnym i utalentowanym prawnikiem. Doświadczenie zawodowe zdobywał w Sądzie Okręgowym w Poznaniu, pełniąc funkcję asystenta sędziego w Wydziale Cywilnym – Odwoławczym, a także Wydziale Cywilnym I instancji oraz Wydziale Penitencjarnym i Nadzoru nad Wykonywaniem Orzeczeń Karnych.&nbsp;&nbsp; Ukończył studia prawnicze na Wydziale Prawa i Administracji Uniwersytetu im. Mikołaja Kopernika w [&hellip;]" />
<meta property="og:url" content="https://atm.legal/pl/zespol/marcin-pyrzyk/" />
<meta property="og:site_name" content="ATM.LEGAL" />
<meta property="article:modified_time" content="2024-09-10T13:47:29+00:00" />
<meta property="og:image" content="https://atm.legal/wp-content/uploads/2024/07/ATM-PORTRETY-STYCZEN-20241232-scaled.jpeg" />
	<meta property="og:image:width" content="1707" />
	<meta property="og:image:height" content="2560" />
	<meta property="og:image:type" content="image/jpeg" />
<meta name="twitter:card" content="summary_large_image" />
<meta name="twitter:label1" content="Szacowany czas czytania" />
	<meta name="twitter:data1" content="1 minuta" />
<script type="application/ld+json" class="yoast-schema-graph">{"@context":"https://schema.org","@graph":[{"@type":"WebPage","@id":"https://atm.legal/pl/zespol/marcin-pyrzyk/","url":"https://atm.legal/pl/zespol/marcin-pyrzyk/","name":"Marcin Pyrzyk - ATM.LEGAL","isPartOf":{"@id":"https://atm.legal/pl/#website"},"primaryImageOfPage":{"@id":"https://atm.legal/pl/zespol/marcin-pyrzyk/#primaryimage"},"image":{"@id":"https://atm.legal/pl/zespol/marcin-pyrzyk/#primaryimage"},"thumbnailUrl":"https://atm.legal/wp-content/uploads/2024/07/ATM-PORTRETY-STYCZEN-20241232-scaled.jpeg","datePublished":"2024-07-09T14:03:40+00:00","dateModified":"2024-09-10T13:47:29+00:00","breadcrumb":{"@id":"https://atm.legal/pl/zespol/marcin-pyrzyk/#breadcrumb"},"inLanguage":"pl-PL","potentialAction":[{"@type":"ReadAction","target":["https://atm.legal/pl/zespol/marcin-pyrzyk/"]}]},{"@type":"ImageObject","inLanguage":"pl-PL","@id":"https://atm.legal/pl/zespol/marcin-pyrzyk/#primaryimage","url":"https://atm.legal/wp-content/uploads/2024/07/ATM-PORTRETY-STYCZEN-20241232-scaled.jpeg","contentUrl":"https://atm.legal/wp-content/uploads/2024/07/ATM-PORTRETY-STYCZEN-20241232-scaled.jpeg","width":1707,"height":2560,"caption":"Radca prawny Marcin Pyrzyk"},{"@type":"BreadcrumbList","@id":"https://atm.legal/pl/zespol/marcin-pyrzyk/#breadcrumb","itemListElement":[{"@type":"ListItem","position":1,"name":"Home","item":"https://atm.legal/pl/"},{"@type":"ListItem","position":2,"name":"Marcin Pyrzyk"}]},{"@type":"WebSite","@id":"https://atm.legal/pl/#website","url":"https://atm.legal/pl/","name":"ATM.LEGAL","description":"","publisher":{"@id":"https://atm.legal/pl/#organization"},"potentialAction":[{"@type":"SearchAction","target":{"@type":"EntryPoint","urlTemplate":"https://atm.legal/pl/?s={search_term_string}"},"query-input":{"@type":"PropertyValueSpecification","valueRequired":true,"valueName":"search_term_string"}}],"inLanguage":"pl-PL"},{"@type":"Organization","@id":"https://atm.legal/pl/#organization","name":"ATM.LEGAL","url":"https://atm.legal/pl/","logo":{"@type":"ImageObject","inLanguage":"pl-PL","@id":"https://atm.legal/pl/#/schema/logo/image/","url":"https://atm.legal/wp-content/uploads/2022/10/cropped-atm-favicon-lg.png","contentUrl":"https://atm.legal/wp-content/uploads/2022/10/cropped-atm-favicon-lg.png","width":512,"height":512,"caption":"ATM.LEGAL"},"image":{"@id":"https://atm.legal/pl/#/schema/logo/image/"},"sameAs":["https://www.linkedin.com/company/atmlegal/","https://www.linkedin.com/in/artur-marcinkowski-atmlegal/"]}]}</script>
<!-- / Yoast SEO plugin. -->

pyrzyk@atm.legal Obszary specjalizacji:&nbsp; Marcin jest wyjątkowo wszechstronnym i utalentowanym prawnikiem. Doświadczenie zawodowe zdobywał w Sądzie Okręgowym w Poznaniu, pełniąc funkcję asystenta sędziego w Wydziale Cywilnym – Odwoławczym, a także Wydziale Cywilnym I instancji oraz Wydziale Penitencjarnym i Nadzoru nad Wykonywaniem Orzeczeń Karnych.&nbsp;&nbsp; Ukończył studia prawnicze na Wydziale Prawa i Administracji Uniwersytetu im. Mikołaja Kopernika w [&hellip;]
